, 0 = -d*o + 3*o - 2*n + 13. Calculate the remainder when o is divided by -1*(2 - 3) + 0.
0
Suppose -4*x + 184 = 2*c, -c = -2*x + 2*c + 92. What is the remainder when x is divided by 13?
7
Let n be 124/(-6)*(-21)/2. Suppose 5*l - 2*h - 383 = -0*l, 0 = -3*l - 2*h + n. Suppose -2*u = -u - 19. What is the remainder when l is divided by u?
18
Let n(d) = -5*d - 31. Let s(h) = 2*h + 17. Let l be s(-14). Suppose 4*w = -3*b + 131, -6*w + w - 5 = 0. Calculate the remainder when b is divided by n(l).
21
Let h = 35 - 50. Let t = h - -21. What is the remainder when t + 42 - 4/(-2) is divided by 13?
11
Suppose -32*z + 34*z - 4*d = 42, 18 = z - d. Calculate the remainder when 805 is divided by z.
10
Let t(g) = g**3 + 5*g**2 - 7*g - 4. Let s be t(-6). Suppose -5*i + 258 = 3*z, s*z + 4*i - 174 = -0*i. Calculate the remainder when z is divided by 21.
18
Let l = 36 + 398. Calculate the remainder when l is divided by 19.
16
Let i(j) = j**2 - 2*j + 1. Let c be i(5). Let f = -11 + c. Suppose 226*u - 20 = 221*u. Calculate the remainder when f is divided by u.
1
What is the remainder when (4/10)/(1/95) is divided by 15?
8
Let x(u) = 26*u - 173. Calculate the remainder when 907 is divided by x(8).
32
Suppose 2*p + 2*p = 660. Let a = p - 66. Let w = -56 + a. Calculate the remainder when w is divided by 15.
13
Let j = 154 + -69. Suppose j = 5*o - 5. What is the remainder when 86 is divided by o?
14
Let m = 100 - 32. Suppose 0 = -2*r + 25 + 21. What is the remainder when m is divided by r?
22
Let m(c) = c**2 - 21*c - 380. Calculate the remainder when m(-12) is divided by 64/6 + 2/6.
5
Let t(g) = 6*g + 75. Let d(h) = -3*h - 9. Calculate the remainder when t(-6) is divided by d(-6).
3
Let i(u) = u**3 + 8*u**2 + 5*u - 7. Suppose -s = 4*s - 4*n - 262, s = 3*n + 48. Calculate the remainder when i(-6) is divided by ((-6)/9)/((-4)/s).
8
Let f = -7 + 37. Calculate the remainder when 87 is divided by f.
27
Suppose m + 2 = 6. Suppose -2*q + q = -m. Suppose q*w + w = 105. Calculate the remainder when w is divided by 8.
5
Let a = 587 - 568. Calculate the remainder when 136 is divided by a.
3
Calculate the remainder when 72 is divided by ((-12)/7)/((-747)/(-189) - 4).
0
Suppose -70*d + 139*d - 34224 = 0. What is the remainder when d is divided by 20?
16
Suppose -19 + 0 = 4*y + 5*b, 0 = -y + 2*b + 5. Let r(t) = 4*t**2 + 10*t + 4. Calculate the remainder when 38/((y*4)/(-2)) is divided by r(-3).
9
Let o = 21 - 19. Let y(n) = 2*n + 7. Calculate the remainder when y(6) is divided by (12 - o) + -2 + 2.
9
Suppose 2*u = -4*m + 7196, -u + 573 + 1228 = m. What is the remainder when m is divided by 100?
97
Let b = 1290 + -1269. What is the remainder when 35 is divided by b?
14
Let o = -1 - 0. Suppose -54*a = -57*a + 2*j + 62, 0 = 2*a + 2*j - 48. What is the remainder when a is divided by (o - -1) + 10 - -2?
10
Suppose 11*d - 13*d = -60. Calculate the remainder when 478 is divided by d.
28
Calculate the remainder when 52 is divided by (-8)/(-1) + 4 - 3.
7
Let u(i) = i**3 - 56*i**2 - 115*i - 32. What is the remainder when u(58) is divided by 7?
5
Suppose 9 = 3*k + 24. Let b(q) = -q**2 - 7*q - 6. Suppose 191 = -8*f + 271. What is the remainder when f is divided by b(k)?
2
Suppose -7*b - 180 = 177. Let k = b - -139. What is the remainder when k is divided by 13?
10
What is the remainder when -491*((-9)/(-3) + -4) is divided by 29?
27
Let m = 114 - 67. Calculate the remainder when 81 is divided by m.
34
Let b be ((-15)/9)/(((-6)/(-9))/(-2)). Let g = 11 - 4. Calculate the remainder when g is divided by (-2)/b + 135/25 + -1.
3
Suppose 2*x - x = 3*o + 618, 3*o - 1842 = -3*x. Suppose -4*u - u = -x. What is the remainder when u is divided by (-467)/(-15) - (-4)/240*-8?
30
Suppose -4*p - 4*z + 132 = 0, -3*p = -2*z + 7 - 81. Calculate the remainder when 82 is divided by p.
26
Suppose 9 = d + 16. Calculate the remainder when 1*d/((-28)/96) is divided by 13.
11
Suppose -4*x + 1 = 9, 5*r + 3*x = -146. Calculate the remainder when 44 is divided by 2/7 - (440/r + 1).
14
Let w be 8 + -6 + (1 - -2). Suppose 4*o - 172 = 2*x, -w*x - 64 = -4*o + 114. Calculate the remainder when 249 is divided by o.
39
Suppose -7*q + 6*q + 2*a = -64, 0 = -3*q - 5*a + 137. Suppose 0*n = 3*n - 483. Calculate the remainder when n is divided by q.
53
Let o(m) = m**3 + 6*m**2 + 2*m + 9. Let j be o(-6). What is the remainder when (12/j - -6) + 19 is divided by 6?
3
Suppose -25 = -5*x + 30. Let r = x - -5. Suppose -2*k + 5*t - 30 = -7*k, -r = -k + 4*t. Calculate the remainder when k is divided by 6.
2
Let l = -309 + 434. What is the remainder when l is divided by 18?
17
Let l = 768 - -68. What is the remainder when l is divided by 35?
31
Let u(h) = h**2 - 6*h + 13. Let a be u(3). What is the remainder when 19 is divided by 3/((-12)/22)*(2 - a)?
8
Calculate the remainder when 84 is divided by (-5)/(-10) + 1/(4/154).
6
Suppose 8 - 3 = z. Suppose -3*j - z*t = -20 - 14, 3*j - 3*t = -6. Calculate the remainder when j is divided by 3.
0
Let t = 12 + -13. Let s(c) = -8 - 6*c**3 + 2*c**2 + 8 - c + 2*c. Calculate the remainder when 33 is divided by s(t).
5
Let u(b) be the second derivative of -b**5/20 + 17*b**3/6 - b**2/2 - 56*b. Let m = 14 + -7. Calculate the remainder when u(-5) is divided by m.
4
Suppose 4 = -2*y + 3*y. Suppose -y*x + 7*x = 9. Suppose -4*g - a = -17, 0*a = g + 4*a - 23. What is the remainder when g is divided by x?
0
Calculate the remainder when (2 + (-24)/3)*46/(-3) is divided by 14.
8
Suppose 2*j - 5*s + 8 = 0, -4*s - 2 - 15 = j. Let r(n) = -n**2 - 7*n + 3. Calculate the remainder when (j/6)/(2/(-20)) is divided by r(-6).
6
Suppose -190*k + 195*k = 140. What is the remainder when 55 is divided by k?
27
Suppose 515 - 105 = 5*d. Let r = 56 - d. Let f = 32 + r. What is the remainder when 39 is divided by f?
3
Let n(g) = 2*g + 6. Let z = -85 + 119. What is the remainder when z is divided by n(6)?
16
Suppose w = 5 - 1. Suppose -46 = -w*p - 3*g, 3*p + 2*p = 2*g + 46. Suppose -46 = -4*f + p. What is the remainder when 25 is divided by f?
11
Let r(z) = z - 10. Let h be r(0). Let y = h + 20. Let m = 23 - y. What is the remainder when 24 is divided by m?
11
Let l(u) = 22*u + 18. Let d(p) = 22*p + 17. Let f(t) = 7*d(t) - 6*l(t). Let q(a) = -a**3 - a**2 + 16. What is the remainder when f(3) is divided by q(0)?
13
Let t(c) = -c**2 - 4*c + 10. Let y be t(-5). Suppose 24 = 4*n - 0*n - 4*d, y*n - 3*d = 20. What is the remainder when 21 - (6/(-2))/n is divided by 9?
6
Let d be -32*1 + 8/4. Let r be (2/(-4))/(3/d). Suppose -r*q + 67 = t, 0*q = -3*q - t + 39. What is the remainder when 41 is divided by q?
13
Suppose -6*c - 2 = -14. What is the remainder when c/10 + (-3952)/(-65) is divided by 0 + (24 + -1 - 2)?
19
Calculate the remainder when (0 - -488) + (179 - 173) is divided by 101.
90
Suppose 6*o - 2*o - 1936 = 0. Suppose -6*a = -o - 434. Calculate the remainder when a is divided by 13.
10
Let g = 11 + -9. What is the remainder when 30 is divided by g?
0
Suppose -2*z = 4*j - 624, -j + 212 = -2*z + 61. Calculate the remainder when 285 is divided by j.
130
Let w be (-888)/(-34) + (-4)/34. Let b = w - 6. Suppose -b = -3*p - 2*p. What is the remainder when 9 is divided by p?
1
Suppose 1879*u - 1882*u = -33. Calculate the remainder when (2 - 0 - 2) + 18 is divided by u.
7
Let p(t) = -t**3 - 4*t**2 - 2*t - 4. Let f = 6 + -10. Let x be p(f). Suppose j = 4*d - 55, 0*j - 35 = -d - x*j. Calculate the remainder when 56 is divided by d.
11
Let w(u) = u + 9. Let y be w(0). Suppose -y = 5*q + 51. What is the remainder when q*2*28/(-16) is divided by 15?
12
Suppose 34*m - 8 = 32*m. Suppose 20 = r - 2*u, -5 = -3*r - m*u + 15. What is the remainder when 58 is divided by r?
10
Suppose -2*t + 21 - 19 = 0. Let f(v) = 5*v + 1. Calculate the remainder when 4 + (-4 - (-22 + t)) is divided by f(2).
10
Let c(i) = 16*i - 1. Let m be c(1). Let h be (-8)/(-20) - 6/m. Suppose -s + h*s + 9 = 0. What is the remainder when 25 is divided by s?
7
Suppose -4*d = -8*f + 6*f - 14, 13 = 4*d - 3*f. What is the remainder when 206 is divided by d?
2
Let w(z) = 3*z**3 + z**2 - 3*z - 2. Let u(p) = 2*p**3 + 2*p**2 - 3*p - 1. Let a(f) = -4*u(f) + 3*w(f). What is the remainder when a(5) is divided by 5?
3
Let z be (-1*1)/(7/(-35)). Let m(a) be the second derivative of a**4/12 + 2